e the prime factors of g?
2, 3
Let g(l) = -l**3 - 15*l**2 + 41*l - 19. Let p be g(-18). Let d = p + -92. Let s = d - 67. List the prime factors of s.
2, 7
Let s = 35620 + 18358. List the prime factors of s.
2, 137, 197
Let n = -7 - -45. Let w = 39 - n. Let q = 74 + w. List the prime factors of q.
3, 5
Suppose 0 = 29*b - 2431 - 1745. Suppose -119 + 17 = -3*x. Suppose -30*g - b = -x*g. List the prime factors of g.
2, 3
Let p = 41215 + -14575. List the prime factors of p.
2, 3, 5, 37
Suppose -4*w + 3*w + 28 = 0. Let g(k) = 0*k + k + 12 + 15*k + 3*k**2 - w. List the prime factors of g(-8).
2, 3
Let o(q) = -q**3 - q**2 - 1. Let v be o(-1). Let t(p) = -137*p**3 + 3*p**2 + 5*p + 3. List the prime factors of t(v).
2, 3, 23
Let m(a) be the second derivative of -73*a**5/5 + 5*a**4/12 - a**3/6 - 3*a**2 + 3*a - 11. List the prime factors of m(-1).
2, 73
Let s(m) = -m**3 + 10. Let w(g) = 4*g - 2. Let f be w(1). Suppose f*j = -40 + 32. What are the prime factors of s(j)?
2, 37
Let v(g) = 46*g - 10. Let l(z) = -9*z + 2. Let b(j) = -11*l(j) - 2*v(j). Let n be b(-7). Let s = -25 - n. What are the prime factors of s?
2, 13
Suppose 5*s - 21*u = -23*u + 18, -3*s + 11 = u. List the prime factors of 5 - s*(-87 + 4).
337
What are the prime factors of 5/(-6) + (-516835)/(-30) + 6?
19, 907
Suppose -2*i - 18 + 66 = 0. Suppose 3*g - i = 4*x - 589, 3*x = 4*g + 415. List the prime factors of x.
5, 29
Suppose 3*b + 2*l + 374 - 5122 = 0, 5*l = -3*b + 4742. Suppose -3*t - 2112 = -4*w, -b = -3*w + 2*t + t. List the prime factors of w.
2, 3, 11
Suppose -2*p = -5*p + 528. Suppose -p = -8*s - 0*s. List the prime factors of (-618)/(-11) + (-4)/s.
2, 7
Let h be 1*(1540/36 + 4/18). Let m = h + 128. What are the prime factors of m?
3, 19
Let c = -5383 - -7850. Suppose 3*j = -4*u - 0*u + c, -5*j - 1227 = -2*u. Suppose 4*x - u = -4*s, x = 4*s + 106 + 68. List the prime factors of x.
2, 79
Suppose -a = -4*j + 306, j - 3*a = 2*j - 83. Let c = j + -74. Suppose 138 = k + 5*i, -c*i = k - 5*i - 103. List the prime factors of k.
113
Let z(f) = f**3 - 13*f**2 - 32*f - 144. List the prime factors of z(19).
2, 7, 101
Suppose -3*w - 110 = -5*p - 0*w, 0 = p + w - 30. Suppose -o - p = -121. Suppose o = f - 5*n, 2*f - 7*f - 4*n = -596. List the prime factors of f.
2, 29
Let w = 65 + -157. Let p = w + 97. What are the prime factors of (-210)/(p/((-30)/9))?
2, 5, 7
Suppose -3*o = -3, 3*o - 9 = x - 2*x. Let n = 274 - 79. Suppose -k - n = -x*k. What are the prime factors of k?
3, 13
Suppose 5*r - 2*u - 141 = 0, -r - 5*u + 4*u + 24 = 0. Let n = r + -72. Let i = -18 - n. List the prime factors of i.
3
Let a(u) be the third derivative of -29/3*u**3 + 19*u**2 + 0 + 1/20*u**5 + 0*u**4 + 0*u. List the prime factors of a(7).
89
Let f be 2/(-11) - (-276)/66. Let r be f/(-18)*-10 + (-6)/27. Suppose -6 = o + 3*b, -o + 3 - 4 = r*b. List the prime factors of o.
3
Let c = 405 + -209. What are the prime factors of (0 + -586)*(-98)/c?
293
Suppose -5*x + 16 + 3 = -2*h, 35 = -3*h + x. Let u be ((0 - -4) + h)*(-10 + -2). Suppose u = 4*d - y - 3*y, -2*d + 3*y = -52. What are the prime factors of d?
2, 5
Let m(k) = 195*k**3 - 7*k**2 + 26*k - 89. List the prime factors of m(6).
5, 8387
Let r be (-3)/((-6)/130)*-1. Let g = -9 - r. Suppose -9*h + 835 = -g. List the prime factors of h.
3, 11
Suppose -1677 = -62*r + 23*r. Suppose -q - 3*q = -192. Suppose q*j - r*j - 365 = 0. List the prime factors of j.
73
Let n(r) = 2*r**3 - 51*r**2 + 30*r - 37. Let v(b) = 4*b - 103. Let l be v(32). List the prime factors of n(l).
2, 11
Let n be (-217)/(-4) + (-19)/76. List the prime factors of 1320/n - 12/27.
2, 3
What are the prime factors of 208/(-520) - (4/(-2) - (-134724)/(-10))?
2, 6737
Suppose -9 = -4*m + 3*m - 4*y, m = 3*y + 2. Suppose -m*w + 1392 + 1123 = 0. Suppose 16*a - w - 1625 = 0. List the prime factors of a.
7, 19
Let r be 620/2 - (3 + -2). Suppose 2*x = s + 415, 0*x + x + 3*s = 211. Let b = r - x. List the prime factors of b.
101
List the prime factors of (-942334)/(-14) + (-2709)/(-6321).
2, 5, 53, 127
Let w be 2 + (-20)/(-28) - 36/(-126). Let f = 648 + -389. Suppose -2*d + f + 0 = -w*o, 5*o + 650 = 5*d. List the prime factors of d.
131
Suppose 0 = -5*x - 3*o + 34778 + 26157, -73145 = -6*x + o. What are the prime factors of x?
2, 5, 23, 53
Let t be (1368/(-32))/(1/8). Let i = t - -383. What are the prime factors of i?
41
Let y = -1754 + 1144. Let r = y + 1410. What are the prime factors of r?
2, 5
Let a(l) = l - 2. Let m(q) = -18*q + 99. Let c(n) = 6*a(n) + m(n). List the prime factors of c(-20).
3, 109
Let v be (-15464)/(-14) - 6*(-14)/(-147). Suppose 11*p - 51 = v. List the prime factors of p.
3, 5, 7
Let o be 2/(-4*3/(-228)). Let j(f) = 29*f**2 + 6 + o*f**2 - 3*f - 5*f**2. List the prime factors of j(2).
2, 31
Let q(o) = 6*o - 13. Let g be q(8). Let v(x) = -2*x + 37 - 2*x - g + 93*x**2 + x. What are the prime factors of v(1)?
2, 23
Let l(o) = o**3 + 5*o**2 - 6*o + 2. Let t be 4/((-48)/75) + (-2)/(-8). Let v be l(t). Suppose 6*h - v*h - z = 384, 0 = -z - 4. List the prime factors of h.
5, 19
Let b(l) = 5*l - 3. Let o be b(8). Let i = -28 + o. Suppose -k - 624 = -i*k. List the prime factors of k.
2, 3, 13
Let z be -3 - 8/(24/225). List the prime factors of -3 - (4/2 + z).
73
What are the prime factors of (-39060)/(-16) - 42/63*(-3)/(-8)?
2441
Suppose -27*a - 126 = 63. List the prime factors of a/(-35) - (-7408)/10.
3, 13, 19
Let m(f) = 108*f + 1. Suppose -3*o + 2*h = -29, 77*o - h = 72*o + 60. List the prime factors of m(o).
5, 281
Suppose 4*r - 2*r - 4 = 0. Suppose 4*p - 3*f = 15, -p + r - 12 = 2*f. Suppose 0*q = 4*q + 5*i - 248, p = q - 3*i - 79. What are the prime factors of q?
67
Let c be (-18)/(-6) - (1321 - 0). Let u = 580 + c. List the prime factors of (u/36)/(1/(-2)).
41
Suppose -2*d + 149 = 145. Suppose f + 22*k - 19*k - 1134 = 0, -1138 = -f - d*k. List the prime factors of f.
2, 3, 191
Suppose -590984 = -123*y + 965212. What are the prime factors of y?
2, 3163
Let g(j) = j**2 - 3*j. Let q be g(5). Let w = q + -3. Let h = w + 22. List the prime factors of h.
29
Suppose -2*p + 3*t = -0 + 1, 2*p + 4*t = 20. Suppose q - 770 = -5*k, -9*k - p*q - 795 = -14*k. List the prime factors of k.
5, 31
Let y = -462 - -292. What are the prime factors of y/40*(-132 - 4)?
2, 17
What are the prime factors of ((-3139182)/(-39))/2 - (-595)/7735?
2, 20123
Let f(a) = a**2 + 12*a - 8. Let o be f(-13). Suppose 5*u + 35 = -p, -o*u + 0 = -3*p + 15. What are the prime factors of u/4 + (-725)/(-10)?
71
Let o be ((-5)/3)/((-7)/3 - -2). Suppose -o*u + 11*u - 90 = 0. What are the prime factors of u?
3, 5
Suppose 502 = -5*r + 107. Suppose 3*a + 98 - 141 = -y, 5*y = -10. What are the prime factors of 3*10/a - r?
3
Suppose -3*p = 3*y - 63, -3*p + 2*p + 93 = 5*y. Let v be 117/y + (-6)/4. Suppose -v*i + 700 = -85. List the prime factors of i.
157
Suppose 0 = -v + 5*a + 3508 - 1029, 3*v + a = 7501. Let p = -1154 + v. What are the prime factors of p?
5, 269
Let o = 28 + -21. Let f be (o - 4) + -2 + 2. What are the prime factors of (f/2)/(36/2208)?
2, 23
Let b = 253 + -251. List the prime factors of ((-2)/((-12)/21))/(b/412).
7, 103
Let b be -3*-1*(-2)/(-2). Suppose 0 = -4*p + 8, b*c + 0*c + 2*p = 7. Suppose -a - c = -128. List the prime factors of a.
127
Suppose 14*z - 360 = 4*z. Let h = -7 - -21. Suppose z = h*p - 13*p. List the prime factors of p.
2, 3
Suppose -169 = -2*r - 4*c + 239, -2*r = 5*c - 404. Let b be 115/2 + (1/(-2) - -1). Suppose 6*p = r + b. What are the prime factors of p?
3, 5
Let n(i) = i**3 - 4*i**2 + 2*i - 1. Let l be n(2). Let x be ((-64)/l)/((-1)/75*-5). Let w = -112 + x. What are the prime factors of w?
2, 5
Suppose -184250 = -0*s - 3*s - 19*s. What are the prime factors of s?
5, 67
Let y be (40/6 - 6)/((-1)/9). What are the prime factors of ((-4)/y)/(9/7452)?
2, 3, 23
Let w(c) = 634*c - 185. Suppose -62*n = -3*n - 177. List the prime factors of w(n).
17, 101
Let s(m) = 32*m**2 - 21*m + 7. List the prime factors of s(9).
2, 5, 241
Suppose -p - 4 = -3. Let z be p + -1 + 5 + -5. What are the prime factors of z/((2/87)/(24/(-36)))?
2, 29
Suppose 82*c = -45*c + 42*c + 2405670. What are the prime factors of c?
2, 3, 53, 89
List the prime factors of (-281 - 0)*2*(43 - (-762)/(-12)).
41, 281
Let g(h) = -25*h**3 + 2*h + 1. Let r be 